y 77.
54
What is the remainder when 173484 is divided by 20954?
5852
What is the remainder when 20865 is divided by 10036?
793
What is the remainder when 2176270 is divided by 24728?
206
What is the remainder when 15658 is divided by 4581?
1915
Calculate the remainder when 157773 is divided by 21.
0
Calculate the remainder when 1252608 is divided by 761.
2
Calculate the remainder when 23766 is divided by 3356.
274
Calculate the remainder when 2228762 is divided by 1162.
46
What is the remainder when 58023803 is divided by 16?
11
Calculate the remainder when 23630440 is divided by 9296.
8
What is the remainder when 33570 is divided by 830?
370
Calculate the remainder when 347074 is divided by 267.
241
Calculate the remainder when 29540612 is divided by 1670.
1652
What is the remainder when 376436 is divided by 702?
164
Calculate the remainder when 5367740 is divided by 235.
105
Calculate the remainder when 24100 is divided by 5993.
128
What is the remainder when 732032 is divided by 28?
0
What is the remainder when 44076 is divided by 21834?
408
What is the remainder when 16587107 is divided by 148099?
19
What is the remainder when 58451325 is divided by 151037?
6
What is the remainder when 988510 is divided by 2315?
5
What is the remainder when 1412157 is divided by 534?
261
Calculate the remainder when 2049976 is divided by 23.
9
What is the remainder when 505155 is divided by 3440?
2915
Calculate the remainder when 400079 is divided by 98895.
4499
What is the remainder when 1540934 is divided by 5951?
5576
Calculate the remainder when 15609 is divided by 737.
132
What is the remainder when 12952 is divided by 12793?
159
What is the remainder when 268787 is divided by 299?
285
Calculate the remainder when 741446147 is divided by 5953.
5950
Calculate the remainder when 868282 is divided by 39463.
96
What is the remainder when 1100487 is divided by 91660?
567
What is the remainder when 1428342 is divided by 5232?
6
Calculate the remainder when 49899 is divided by 6042.
1563
Calculate the remainder when 1765896 is divided by 28030.
6
Calculate the remainder when 23756812 is divided by 36.
16
Calculate the remainder when 203649113 is divided by 281.
264
Calculate the remainder when 8302803 is divided by 101.
98
What is the remainder when 33163580 is divided by 1083?
1037
Calculate the remainder when 215671551 is divided by 321.
318
What is the remainder when 2594891 is divided by 123?
83
What is the remainder when 2190594 is divided by 1652?
42
What is the remainder when 2533635 is divided by 684?
99
Calculate the remainder when 33603080 is divided by 74.
50
What is the remainder when 80153 is divided by 524?
505
What is the remainder when 34731131 is divided by 173?
170
What is the remainder when 32939878 is divided by 997?
992
What is the remainder when 103395 is divided by 5743?
21
What is the remainder when 1742607 is divided by 4895?
4882
Calculate the remainder when 120607 is divided by 2227.
349
What is the remainder when 43209 is divided by 43010?
199
Calculate the remainder when 1785575 is divided by 656.
599
Calculate the remainder when 702691 is divided by 1597.
11
Calculate the remainder when 2921 is divided by 1009.
903
Calculate the remainder when 26230650 is divided by 18.
6
Calculate the remainder when 6358517 is divided by 1824.
53
What is the remainder when 4063765 is divided by 1084?
933
What is the remainder when 731569 is divided by 17013?
10
What is the remainder when 70247 is divided by 22901?
1544
What is the remainder when 41766 is divided by 35876?
5890
Calculate the remainder when 205870377 is divided by 161.
160
What is the remainder when 11958399 is divided by 520?
479
What is the remainder when 78136 is divided by 52?
32
Calculate the remainder when 278330 is divided by 277742.
588
What is the remainder when 78009 is divided by 3330?
1419
Calculate the remainder when 22960531 is divided by 46.
45
What is the remainder when 2073758 is divided by 3235?
123
Calculate the remainder when 379889 is divided by 292.
289
Calculate the remainder when 1238716 is divided by 2034.
10
What is the remainder when 14926322 is divided by 906?
878
Calculate the remainder when 374364119 is divided by 106.
103
What is the remainder when 6296334 is divided by 147?
30
What is the remainder when 245990 is divided by 245925?
65
What is the remainder when 175440 is divided by 103?
31
Calculate the remainder when 40617 is divided by 613.
159
What is the remainder when 192680268 is divided by 862?
856
What is the remainder when 32563 is divided by 235?
133
Calculate the remainder when 144052666 is divided by 52.
30
What is the remainder when 58234 is divided by 7817?
3515
Calculate the remainder when 2399473 is divided by 84.
13
What is the remainder when 4040694 is divided by 2020233?
228
Calculate the remainder when 8359847 is divided by 1358.
1357
What is the remainder when 1020369 is divided by 270?
39
Calculate the remainder when 1439255 is divided by 1396.
1375
Calculate the remainder when 630859 is divided by 70094.
13
What is the remainder when 46591 is divided by 23195?
201
Calculate the remainder when 21975 is divided by 788.
699
What is the remainder when 264808 is divided by 10?
8
Calculate the remainder when 6470854 is divided by 12.
10
What is the remainder when 102113882 is divided by 7499?
7498
What is the remainder when 3521741 is divided by 352?
333
Calculate the remainder when 92753495 is divided by 332.
331
What is the remainder when 396786 is divided by 8441?
59
What is the remainder when 6350130 is divided by 192428?
6
Calculate the remainder when 11921816 is divided by 67.
37
Calculate the remainder when 1856843 is divided by 3207.
3197
What is the remainder when 323977 is divided by 1480?
1337
Calculate the remainder when 1918420 is divided by 341.
295
What is the remainder when 66865 is divided by 8737?
5706
What is the remainder when 838895 is divided by 9020?
35
Calculate the remainder when 1682325 is divided by 837.
792
Calculate the remainder when 1264187 is divided by 8779.
11
Calculate the remainder when 588402214 is divided by 655.
649
Calculate the remainder when 5589397 is divided by 15106.
177
What is the remainder when 59529641 is divided by 20?
1
What is the remainder when 573969 is divided by 38208?
849
Calculate the remainder when 1397451 is divided by 50.
1
What is the remainder when 2956869 is divided by 92?
81
What is the remainder when 152841 is divided by 3119?
10
What is the remainder when 1037829 is divided by 317?
288
Calculate the remainder when 357085988 is divided by 117.
116
What is the remainder when 401513 is divided by 4459?
203
What is the remainder when 1545470 is divided by 3023?
717
Calculate the remainder when 20464483 is divided by 1691.
1
Calculate the remainder when 36408554 is divided by 16.
10
What is the remainder when 6779218 is divided by 10576?
2
What is the remainder when 27012 is divided by 155?
42
Calculate the remainder when 3212283 is divided by 737.
437
Calculate the remainder when 51360733 is divided by 1575.
1558
What is the remainder when 2618227 is divided by 12178?
12135
Calculate the remainder when 39024185 is divided by 13008053.
26
Calculate the remainder when 980368 is divided by 245002.
360
Calculate the remainder when 188102 is divided by 1858.
444
What is the remainder when 49416078 is divided by 37267?
36
Calculate the remainder when 229531 is divided by 206.
47
Calculate the remainder when 172607 is divided by 151.
14
What is the remainder when 9618064 is divided by 120?
64
Calculate the remainder when 163443 is divided by 338.
189
What is the remainder when 3051895 is divided by 452?
443
What is the remainder when 3391575 is divided by 2512?
375
Calculate the remainder when 384065 is divided by 792.
737
Calculate the remainder when 1204448 is divided by 59.
22
Calculate the remainder when 4733410 is divided by 543.
79
What is the remainder when 1226744 is divided by 68150?
44
Calculate the remainder when 82944 is divided by 178.
174
What is the remainder when 6442406 is divided by 56?
54
Calculate the remainder when 93246 is divided by 350.
146
Calculate the remainder when 4075640 is divided by 1.
0
Calculate the remainder when 210921 is divided by 210